ts digit of 8241?
1
What is the tens digit of 14159?
5
What is the tens digit of 240?
4
What is the tens digit of 9280?
8
What is the hundreds digit of 47530?
5
What is the units digit of 45?
5
What is the hundreds digit of 4301?
3
What is the hundreds digit of 154?
1
What is the hundreds digit of 4918?
9
What is the tens digit of 944?
4
What is the tens digit of 1171?
7
What is the tens digit of 4065?
6
What is the tens digit of 80543?
4
What is the hundreds digit of 6860?
8
What is the tens digit of 9523?
2
What is the units digit of 3290?
0
What is the tens digit of 295?
9
What is the thousands digit of 23996?
3
What is the tens digit of 4800?
0
What is the thousands digit of 39730?
9
What is the thousands digit of 38910?
8
What is the units digit of 17643?
3
What is the thousands digit of 22235?
2
What is the thousands digit of 62213?
2
What is the thousands digit of 5164?
5
What is the units digit of 399?
9
What is the ten thousands digit of 11363?
1
What is the thousands digit of 1984?
1
What is the units digit of 1180?
0
What is the thousands digit of 1320?
1
What is the thousands digit of 1408?
1
What is the tens digit of 393?
9
What is the tens digit of 2314?
1
What is the tens digit of 3193?
9
What is the units digit of 11557?
7
What is the units digit of 155?
5
What is the units digit of 981?
1
What is the tens digit of 978?
7
What is the units digit of 2384?
4
What is the units digit of 100210?
0
What is the units digit of 6534?
4
What is the thousands digit of 10892?
0
What is the hundreds digit of 18870?
8
What is the hundreds digit of 3149?
1
What is the units digit of 822?
2
What is the hundreds digit of 2730?
7
What is the ten thousands digit of 29938?
2
What is the hundreds digit of 5086?
0
What is the tens digit of 11437?
3
What is the ten thousands digit of 26942?
2
What is the thousands digit of 17476?
7
What is the ten thousands digit of 18122?
1
What is the tens digit of 15463?
6
What is the hundreds digit of 2290?
2
What is the units digit of 187162?
2
What is the hundred thousands digit of 150468?
1
What is the hundreds digit of 65959?
9
What is the hundreds digit of 33729?
7
What is the hundreds digit of 15833?
8
What is the thousands digit of 11276?
1
What is the units digit of 102206?
6
What is the thousands digit of 87454?
7
What is the ten thousands digit of 18031?
1
What is the hundreds digit of 6747?
7
What is the units digit of 2516?
6
What is the ten thousands digit of 18978?
1
What is the tens digit of 3788?
8
What is the units digit of 80?
0
What is the tens digit of 2215?
1
What is the thousands digit of 4891?
4
What is the ten thousands digit of 15561?
1
What is the units digit of 17327?
7
What is the hundreds digit of 5859?
8
What is the hundreds digit of 40175?
1
What is the hundreds digit of 590?
5
What is the thousands digit of 10832?
0
What is the thousands digit of 2676?
2
What is the thousands digit of 2124?
2
What is the ten thousands digit of 57475?
5
What is the ten thousands digit of 32745?
3
What is the tens digit of 166?
6
What is the tens digit of 22605?
0
What is the tens digit of 2023?
2
What is the units digit of 8147?
7
What is the tens digit of 632?
3
What is the hundreds digit of 1811?
8
What is the units digit of 1962?
2
What is the units digit of 1419?
9
What is the tens digit of 388?
8
What is the units digit of 5049?
9
What is the thousands digit of 1308?
1
What is the hundreds digit of 1518?
5
What is the ten thousands digit of 105218?
0
What is the tens digit of 35?
3
What is the hundreds digit of 4321?
3
What is the tens digit of 480?
8
What is the hundreds digit of 1325?
3
What is the hundreds digit of 47623?
6
What is the units digit of 331?
1
What is the hundreds digit of 673?
6
What is the hundreds digit of 2239?
2
What is the hundreds digit of 1811?
8
What is the hundred thousands digit of 128728?
1
What is the ten thousands digit of 62230?
6
What is the units digit of 14121?
1
What is the thousands digit of 70056?
0
What is the hundreds digit of 7470?
4
What is the hundreds digit of 40192?
1
What is the units digit of 157?
7
What is the units digit of 3045?
5
What is the thousands digit of 95967?
5
What is the thousands digit of 3037?
3
What is the tens digit of 448?
4
What is the hundreds digit of 84491?
4
What is the units digit of 5162?
2
What is the ten thousands digit of 22944?
2
What is the ten thousands digit of 27418?
2
What is the thousands digit of 3064?
3
What is the units digit of 6994?
4
What is the thousands digit of 6276?
6
What is the hundreds digit of 7804?
8
What is the thousands digit of 40776?
0
What is the hundreds digit of 1041?
0
What is the tens digit of 61807?
0
What is the thousands digit of 102502?
2
What is the hundreds digit of 36615?
6
What is the thousands digit of 2459?
2
What is the thousands digit of 18309?
8
What is the hundreds digit of 15397?
3
What is the units digit of 264?
4
What is the units digit of 2591?
1
What is the units digit of 2345?
5
What is the units digit of 31748?
8
What is the tens digit of 2224?
2
What is the ten thousands digit of 20172?
2
What is the tens digit of 1969?
6
What is the thousands digit of 6530?
6
What is the tens digit of 822?
2
What is the tens digit of 4223?
2
What is the thousands digit of 1101?
1
What is the tens digit of 655?
5
What is the hundreds digit of 14932?
9
What is the units digit of 597?
7
What is the units digit of 40204?
4
What is the units digit of 12012?
2
What is the tens digit of 733?
3
What is the hundreds digit of 27230?
2
What is the thousands digit of 20406?
0
What is the tens digit of 1342?
4
What is the tens digit of 8403?
0
What is the units digit of 11?
1
What is the tens digit of 1712?
1
What is the units digit of 10755?
5
What is the units digit of 101154?
4
What is the hundreds digit of 64641?
6
What is the units digit of 197?
7
What is the hundreds digit of 640?
6
What is the ten thousands digit of 10057?
1
What is the units digit of 17849?
9
What is the thousands digit of 14893?
4
What is the units digit of 322?
2
What is the tens digit of 10984?
8
What is the hundreds digit of 2402?
4
What is the hundreds digit of 171?
1
What is the hundreds digit of 3317?
3
What is the hundreds digit of 155674?
6
What is the hundreds digit of 1823?
8
What is the tens digit of 286?
8
What is the units digit of 12720?
0
What is the tens digit of 7376?
7
What is the hundreds digit of 9678?
6
What is the hundreds digit of 1318?
3
What is the units digit of 3001?
1
What is the units digit of 2953?
3
What is the thousands digit of 10500?
0
What is the thousands digit of 2012?
2
What is the hundreds digit of 2218?
2
What is the hundreds digit of 1061?
0
What is the units digit of 23762?
2
What is the hundreds digit of 101636?
6
What is the hundreds digit of 24891?
8
What is the units digit of 7538?
8
What is the units digit of 959?
9
What is the tens digit of 568?
6
What is the units digit of 11027?
7
What is the units digit of 8917?
7
What is the tens digit of 19456?
5
What is the units digit of 17061?
1
What is the tens digit of 488?
8
What is the units digit of 903?
3
What is the tens digit of 1668?
6
What is the units digit of 12082?
2
What is the tens digit of 1700?
0
What is the tens digit of 894?
9
What is the thousands digit of 23925?
3
What is the hundreds digit of 224?
2
What is the thousands digit of 4258?
4
What is the units digit of 6930?
0
What is the thousands digit of 14818?
4
What is the ten thousands digit of 25176?
2
What is the ten thousands digit of 49445?
4
What is the units digit of 3070?
0
What is the hundreds digit of 58887?
8
What is the thousands digit of 61416?
1
What is the tens digit of 3127?
2
What is the hundreds digit of 15574?
5
What is the units digit of 107370?
0
What is the ten thousands digit of 48900?
4
What is the hundreds digit of 8456?
4
What is the tens digit of 886?
8
What is the thousands digit of 3658?
3
What is the tens digit of 254?
5
What is the thousands digit of 36797?
6
What is the tens digit of 812?
1
What is the hundreds digit of 18299?
2
What is the tens digit of 34017?
1
What is the ten thousands digit of 11371?
1
What is the units digit of 2028?
8
What is the tens digit of 7920?
2
What is the tens digit of 12679?
7
What is the tens